 = 4*z + 84. List the prime factors of d.
2, 17
Let c(t) = 2*t**3 + 7*t**2 - 6. Let u be c(-3). Let q be (2/(-6))/(u - 448/147). Suppose 0 = -2*s - q*s + 927. List the prime factors of s.
103
Let j be 10999/(-34) - 5/(-2). What are the prime factors of 6/2 - (-2 + j)?
2, 163
Suppose -54*p - 77769 = -378474 - 266403. What are the prime factors of p?
2, 59, 89
Let l be (-10 - -9) + (1 - 1). Let x(g) = -52*g**2 - 3*g - 2. Let b be x(l). Let h = b + 77. What are the prime factors of h?
2, 13
Let y be (-6)/(-10) - (-680)/200. Suppose -6 = -2*q, q = y*u - 4*q - 4953. List the prime factors of u.
2, 3, 23
Suppose -1271*h = -1308*h + 67488. List the prime factors of h.
2, 3, 19
Let t(r) = r**2 + 12*r + 17. Let x be t(-10). Let f be x*-8*(-4)/(-24). Suppose -4*y - f*o + 23 = -433, 3*y = -2*o + 345. What are the prime factors of y?
3, 13
Let d(r) = -r**2 - 6*r + 31. Suppose 36 = -x - 3*x. Let n be d(x). List the prime factors of (94/n - 1)/((-11)/(-22)).
3, 5
Let a(j) = -j**3 - j**2 - j + 205. Let v be a(0). Suppose -8*o + 501 - v = 0. List the prime factors of o.
37
Let h(f) = -2*f**3 - 11*f**2 + 2*f + 44. List the prime factors of h(-14).
2, 3, 31
Let j(i) = -i**2 + 8*i - 7. Let s be j(7). Suppose 2*n - 3*o - o - 878 = s, o = -5*n + 2228. List the prime factors of n.
5, 89
Suppose 5*k = 4*g - 32 - 27, -3*g + 5*k + 43 = 0. Suppose s = -7*s + g. Suppose 199 = s*p - 195. What are the prime factors of p?
197
Let h = -24367 - -55035. What are the prime factors of h?
2, 11, 17, 41
Let j = 5215 - 2568. What are the prime factors of j?
2647
Let d = 37964 + -4864. List the prime factors of d.
2, 5, 331
Let u be 1 + ((-24)/(-4) - 5)/(-1). Suppose -3144 = -12*h - u*h. List the prime factors of h.
2, 131
Let p = -185 + 197. Suppose 0 = -c + p*c - 4488. List the prime factors of c.
2, 3, 17
Let x(y) = 23*y**3 + 24*y**2 - 98*y + 21. List the prime factors of x(7).
2, 3, 5, 7
Suppose -2*b + 2 = -4. Let h(i) = -4*i + b*i - 2*i + 6*i + 25. List the prime factors of h(9).
2, 13
Suppose 57*d = 53*d + 152. Suppose 0 = -30*z + d*z - 2496. What are the prime factors of z?
2, 3, 13
Suppose -173 = -2*o + 1549. Suppose 430 + o = 2*y - 3*s, -y - 5*s + 639 = 0. What are the prime factors of y?
2, 7, 23
Let s = -80 + 83. Suppose 4*l = 2*n - 872, -1323 = -3*n - s*l + 6*l. What are the prime factors of n?
2, 223
What are the prime factors of (-1386)/33*(-1618)/6?
2, 7, 809
Let z be 1/((9/18)/((-22)/4)). Let g be 9/z - -4 - 4/22. Suppose 7*u - 124 = g*u. What are the prime factors of u?
31
Let b = 9747 - 3316. What are the prime factors of b?
59, 109
Suppose -14*w + 26*w + 4584 = 0. Let d = w - -594. What are the prime factors of d?
2, 53
Suppose -4*t + 2*t = 5*b - 63, 2*b - 4*t - 30 = 0. Suppose b + 15 = 7*n. Suppose v + n*p = 110, 5*v - v = 4*p + 340. List the prime factors of v.
2, 3, 5
Let k(q) = -6*q - 6. Let m be k(-1). Suppose m = -22*a + 809 + 11709. What are the prime factors of a?
569
Let t(w) = 17*w**2 + 93*w + 4. Suppose -3 = -30*h - 213. List the prime factors of t(h).
2, 3, 31
Let o(x) = x**3 + 18*x**2 - 48*x - 27. Suppose 8*a - 5*d - 70 = 13*a, 2*a - 4*d = -34. List the prime factors of o(a).
2, 3, 19
Let y(p) = p**3 + 15*p**2 + 15*p + 8. Let m be (-50)/(-75)*((-31)/2 - 1). What are the prime factors of y(m)?
3, 109
Suppose 8*a - 6361 = -2641. Suppose 3*g + 2*j = 409 + 964, 3*j = g - a. What are the prime factors of g?
3, 17
Suppose -7*w + 4*w = 5*f - 111144, 4*w = 19*f + 148192. What are the prime factors of w?
2, 11, 421
Suppose -u - 58 = 3*t, 4*t - 3*u = 2*u - 90. Let k be -39*(t/(-15) + -1). Let c(j) = -j**3 - 12*j**2 + 8*j - 12. List the prime factors of c(k).
53
Let m = 295 + -156. Suppose -171 = -2*g + m. What are the prime factors of g?
5, 31
Let m(q) = 9*q + 37. Let v be m(-4). Suppose -4*f + 18 = -z, z - v + 9 = 2*f. Suppose 9*y - 4*y + f*n - 1235 = 0, -3*n + 3 = 0. What are the prime factors of y?
2, 3, 41
Suppose -173*j - 519456 = -221*j. List the prime factors of j.
2, 7, 773
Suppose 0 = 47*k - 56*k + 58842. What are the prime factors of k?
2, 7, 467
List the prime factors of 33832771/2142 + 2/36.
3, 5, 13
Let b(d) = 3*d**3 + 2*d**2 + 2*d. Let a be b(-1). Let n(q) = -q**3 - 2*q**2 - 2*q - 7. List the prime factors of n(a).
2
Let w(h) = -h**3 + 20*h - 14. Let n be w(4). Suppose -16*b - 3*d + 1467 = -13*b, 5*b - n*d = 2431. List the prime factors of b.
487
Let n be ((-50)/(-5))/5 + 2. Suppose 0*u + 3*u = n*j - 14, -4*u = -2*j + 12. Suppose 0 = 4*q + v - j*v - 90, -v + 2 = 0. What are the prime factors of q?
23
Suppose -4*q + 3*g + 2294 = -2*q, 0 = -g. List the prime factors of q.
31, 37
Let i(w) = -3*w + 56. Let q be i(17). Suppose -h + 3*o + 327 = -175, 0 = -q*o - 20. What are the prime factors of h?
2, 5, 7
Let v be (1 - -2 - -4805) + 9 + -3. Suppose 18374 = 22*j - v. What are the prime factors of j?
2, 17, 31
Suppose -185*c + 102252 = -154*c - 182545. What are the prime factors of c?
9187
Let u be (-4 - 190/(-40))/(6/16). Suppose t - 2*t = 2*s - 1308, -1318 = -u*s + 4*t. What are the prime factors of s?
5, 131
Let m = -10559 + 16926. List the prime factors of m.
6367
Let y(o) = 82*o**2 - 2*o. Suppose -4*h + 18 = -2*h. Let g be (-1 - 3) + -6 + h. List the prime factors of y(g).
2, 3, 7
Let q(y) = -y**2 + 9*y - 5. Let l be q(7). What are the prime factors of l*(-1)/(-21) + (-8800)/(-14)?
17, 37
Let x(u) = -u**3 + 5*u**2 + u - 6. Suppose -4*n + 16 = 4*n. Let w be n/(-13) + 350/(-91). What are the prime factors of x(w)?
2, 67
Let o be (-2)/6 + (-116160)/(-180). Let h = o - -183. List the prime factors of h.
2, 3, 23
Let m be (6 + -7 - 0) + (-3 - -8). Suppose -a + 877 = -3*b, m*a - 9*a - b + 4369 = 0. List the prime factors of a.
2, 19, 23
Suppose -5*j = 239 + 391. Let d be 7/(-49)*4 - (-14643)/(-63). Let g = j - d. What are the prime factors of g?
107
Suppose 0 = -2*y - 4*j + 2*j + 63720, 4*y - 127428 = 2*j. What are the prime factors of y?
2, 17, 937
Let p = 523 + -359. Let o be 8/(-2) + 1/(1/6). Suppose -s + 68 = -5*u, o*s - p = u + 17. What are the prime factors of s?
3, 31
Let g = 1320 - 526. Suppose 0 = -3*t + 5*o + g, -3*t + 4*o - 6*o = -808. List the prime factors of t.
2, 67
Let n be ((-2)/(-4) - 0) + 107/(-2). Let c = -50 - n. Suppose 2*l + 5*y = 224, 4*y = c*l + y - 315. What are the prime factors of l?
107
Let f = 19 + -19. Let b be f - -1 - (4 + 42). What are the prime factors of (-3)/5 + (-1917)/b?
2, 3, 7
Suppose 269 - 57 = 4*r. Suppose -7270 = 43*c - r*c. List the prime factors of c.
727
Suppose 5*v + 3*u - 23365 = 4643, 2*v + 3*u = 11205. What are the prime factors of v?
3, 1867
Suppose -4*r - 23 = -2*r + 3*a, 2*a + 41 = -5*r. Suppose 0 = 2*x - 2*k - 16, 3*x - 2*k = -6*k + 24. Let u = x - r. List the prime factors of u.
3, 5
Suppose 0 = -3*g + 26*g - 1909. Suppose -74*v = -g*v + 6849. List the prime factors of v.
761
What are the prime factors of (42/(-15))/((-4)/61450)?
5, 7, 1229
Let t(l) = 3*l**2 - 74*l - 29. Let k be t(25). What are the prime factors of 750952/3540 + (0 - k/(-30))?
2, 53
What are the prime factors of 14*(-1)/(182/(-565591))?
139, 313
Let g(c) = -125*c**2 - 11*c - 16. Let w be g(-2). Let n = -167 - w. What are the prime factors of n?
3, 109
Let r be (-16 + 19)*42/9. Suppose -v = -3*t - 427, r*v - 5*t = 18*v - 1759. List the prime factors of v.
2, 109
Suppose 0 = -5*h - 5*h + 20. Suppose 318 = -4*a + g, -177 = h*a + 2*g - 23. Let z = a - -137. List the prime factors of z.
2, 29
Let j = 25 + -19. Suppose 230 + 430 = j*v. Let z = v + 47. What are the prime factors of z?
157
Let x(o) = o**3 + 11*o**2 + 14*o - 15. Let d be x(-9). Suppose -c + 96 = -d. Suppose 5*r - 68 = c. List the prime factors of r.
37
Let i(a) = -a**3 - 7*a**2 - 7*a + 12. Let c be i(-5). Let t = 7 + c. What are the prime factors of (37/t)/(138/(-24) - -6)?
37
Suppose 12*x = 7*x + 1195. Let q = x + -184. What are the prime factors of q?
5, 11
Suppose -9*y = -14*y + 5, 5*t + 4*y - 221524 = 0. List the prime factors of t.
2, 3, 13, 71
Let k = -23831 + 30516. List the prime factors of k.
5, 7, 191
Let o = 23637 + -2623. List the prime factors of o.
2, 7, 19, 79
Suppose -21 = 6*w + 9. What are the prime factors of (-2)/((-8)/(-2060)*w)?
103
Suppose -3*d - 3*d - 6669 = -31053. What are the prime factors of d?
2, 127
Let h = -18 - -27. Let a(b) = 2*b**2 - 8*b